-6*c(x) - l(x). Give u(6).
-1
Let k(y) be the third derivative of y**6/120 - y**5/30 - 11*y**4/24 + 5*y**3/6 - y**2 + 18*y - 24. What is k(4)?
-7
Let v(i) = 2*i**3 + 24*i**2 - 24*i + 22. Suppose 4*t - 3*l + 4*l = -50, t = -3*l - 7. Give v(t).
-4
Let b = -15677 + 15641. Let j(c) = 4*c + 145. What is j(b)?
1
Let f(x) = -x + 21. Suppose -11406*w = -11397*w - 225. Calculate f(w).
-4
Let r(y) = y**3 + 7*y**2 - 12*y - 10. Suppose 82 = -44*m - 270. Determine r(m).
22
Suppose -826*f = -827*f - 7, 4*f = -3*z - 22. Let p(j) = 3*j**3 - 7*j - 3. What is p(z)?
7
Suppose -3 + 17 = 2*k. Suppose 3*d - 5*z = -2, -2*d + 4*z - 22 = -3*d. Let j(y) = -1 - 79*y + 147*y - d - 75*y + y**2. Determine j(k).
-7
Suppose -3*k + 4*f + 57 = 0, 3*k - 177*f + 182*f = 3. Let t(p) = p**3 - 11*p**2 + p + 18. What is t(k)?
29
Let h(c) be the first derivative of c**4/4 + 4*c**3/3 + c**2 + 15*c - 1768. Determine h(-5).
-20
Let y(l) be the second derivative of -1/3*l**3 + 0 + 1/30*l**5 + 1/24*l**4 + 16*l - 9/2*l**2. Let o(r) be the first derivative of y(r). Determine o(-3).
13
Let v(c) = 37*c - 46 + 39*c + 43*c - 135*c + 11. Determine v(-2).
-3
Let o(l) = -27*l**2 + 35*l - 96. Let u(t) = -25*t**2 + 32*t - 93. Let j(v) = 13*o(v) - 14*u(v). What is j(11)?
10
Let h = 26413 - 26408. Let z(m) = 11*m - 61. Determine z(h).
-6
Let u(o) be the third derivative of -o**6/120 - o**5/30 + 5*o**4/24 - o**3/2 + 4790*o**2. Determine u(3).
-33
Let q(f) be the first derivative of -f**3/3 - 4*f**2 + 4*f + 402. Give q(-5).
19
Suppose 3*o - 5*o + 19 = 5*s, 3*o = 4*s + 86. Suppose o*d - 26*d + 5*c = -35, 4*c = d - 17. Let a(f) = -f**3 + 5*f**2 - f + 11. Determine a(d).
6
Let o(v) be the third derivative of -v**6/120 + v**5/20 + 3*v**4/8 - 2*v**3 - 115*v**2 + 8*v. Give o(-3).
15
Let n(w) = -2*w + 12. Let q(y) = -y**3 - 7*y**2 - 8*y - 3. Let v be q(-6). Suppose -26*l - 4687 + 4635 = 0. Let m be v*(8/(-16))/(1/l). Calculate n(m).
-6
Let h(x) = -6*x + 19. Suppose 7 = -2*n + 15. Let f be h(n). Let c(b) be the third derivative of -b**4/24 - b**3/2 + b**2. Calculate c(f).
2
Let i(n) = 44*n. Suppose -5*f - 93 = m - 114, -4*f + 11 = -5*m. Calculate i(m).
44
Let x(i) = i**3 + 5*i**2 - i - 2. Let v(n) = n + 7. Let c be v(-3). Let r be (-48)/112 + 3/7. Suppose -2*m - 19 = 4*a - 11, r = -m - 5*a - c. Determine x(m).
18
Let y(x) = 4*x**3 - x**2 + x + 2. Let h be (-72)/(-24) + -2 + -11. Let r be (h/(-8))/(-5)*(9 + -17). Determine y(r).
32
Suppose 5*q - 2*b + 5 = -5*b, 0 = -q - 3*b - 13. Let v(u) = -u + 6*u**2 - 29*u**2 + 12*u**2 + 17*u**q + 1. What is v(-2)?
27
Let d(w) = -83 - 3 - 19771*w + 19775*w. Determine d(19).
-10
Let q = -190 + 192. Let l(x) = -7 + x**2 + 10*x + 0*x**q - 20*x. What is l(10)?
-7
Let a(v) = -1393*v + 5576. Let n be a(4). Let k(c) be the third derivative of 1/4*c**4 + 0 - c**2 + 0*c - c**3. Give k(n).
18
Suppose 0*o = -o + 3*s - 13, -2*o - 5*s + 29 = 0. Suppose -o*q = -4*q - 8. Let k(r) be the third derivative of -r**4/12 - 5*r**3/6 + 44*r**2. Give k(q).
3
Suppose 3*c - n - 13 = 0, 2*c + c = 3*n + 15. Suppose 5*b + c*r - 3*r - 41 = 0, -3*r + 43 = 5*b. Let d(p) = -b - 15*p + 14*p + p**2 + 3. Calculate d(4).
7
Suppose 13*y - 7 - 6 = 0. Let j(g) = -6*g + 5. Let t(c) = -c + 3. Let s(z) = y*j(z) - 4*t(z). Suppose 2*d + 3*u + 15 = 0, 3*u + u + 34 = -5*d. What is s(d)?
5
Let v(s) = -7*s**3 + s**2 - 2*s - 9. Let j(f) = 6*f**3 - f**2 + f + 8. Let o(p) = -6*j(p) - 5*v(p). Let g = 68 + 320. Let y = 391 - g. Give o(y).
-9
Let o(w) be the first derivative of -w**7/840 - w**6/72 - w**5/60 - w**4/6 + w**3/3 - 35*w - 283. Let f(t) be the third derivative of o(t). Give f(-4).
-12
Let f(h) be the third derivative of -h**5/60 + h**4/12 + 12*h**2. Let p be f(4). Let m be (16/p)/((-1)/(-2)). Let w(b) = -2*b - 5. Determine w(m).
3
Let u(k) = 70*k**2 + 16*k - 43. Let y(f) = -24*f**2 - f + 1. Let b(g) = u(g) + 3*y(g). Calculate b(7).
-47
Let z(a) = 2*a**3 - 41 - 4*a - 34*a + 9*a**2 + 39*a - 30 - 3*a**3. What is z(8)?
1
Let j be (-30)/(-255)*(78/12 + 2)/2. Let d(s) be the first derivative of j*s**2 - 5*s + 36. What is d(5)?
0
Let c(o) be the second derivative of -o**3/6 - 3*o**2 + 246*o. Suppose 0 = -10*r + 8*r - 3*v + 11, 3*r - 2*v - 23 = 0. Give c(r).
-13
Let n(b) = 7*b + 3. Suppose -4*g + 5*s = -30, g + 5*s = -0*g - 5. Suppose 5*p - 1 = -4*x + 1, g*p + 7 = -x. What is n(x)?
24
Let b(n) = 4*n**2 - 16*n**2 - 111250*n**3 + 111248*n**3 - 9. What is b(-6)?
-9
Let b(f) = -6 + 16*f**2 - 17*f + 21 + 18 - f**3. Let l be b(15). Let d(r) = -6*r - l*r**2 + 9*r**2 + 0*r + 6 - r**3. What is d(4)?
14
Let w(p) = -23*p - 14. Let c(u) = -38*u - 28. Let b(f) = -3*c(f) + 5*w(f). Determine b(12).
2
Let z be 2/(112/(-20) + 6) - 8. Let h(l) be the third derivative of l**6/120 + l**5/60 - l**4/6 + l**3/6 - 4*l**2. What is h(z)?
-5
Let t = 15066 + -15049. Let a(s) be the first derivative of -1/4*s**4 - 1/2*s**2 - 31 + 0*s**3 + t*s. Calculate a(0).
17
Let o(f) = -f**2 - 7*f + 2. Let y(c) = c**2 + 7*c - 2. Let h(s) = -6*o(s) - 5*y(s). Let r(a) = -6 - 25 - 1 + a**2 + 0. Let x be r(-5). What is h(x)?
-2
Suppose 56*y + 64 + 303 = 1543. Let d(h) = -h**3 + 17*h**2 + 87*h - 54. Give d(y).
9
Let q(i) = -i**3 - 4*i**2 + 4*i + 3. Let n be q(-5). Let g(a) be the second derivative of 5*a**3/6 + a**2 - 1324*a + 5. Determine g(n).
42
Let z(u) = -u + 3. Let v(d) = -4*d + 8. Suppose -6*s + 144 = 114. Let h(a) = s*z(a) - v(a). Determine h(7).
0
Let z(i) = -201478 - 2*i + i**2 + 77*i**3 + 201439 - 79*i**3. Calculate z(0).
-39
Let b be (2 - (-3 - -8)) + 1. Let g be b/((-6)/27*-3). Let h(m) be the second derivative of m**5/20 + 5*m**4/12 + 2*m**3/3 - m + 421. Calculate h(g).
6
Suppose -1 = -w + 2. Let s(o) = -10*o + 16. Let j(f) = 20*f - 28. Let n(q) = -3*j(q) - 5*s(q). Determine n(w).
-26
Let m = -22526 - -22521. Let r(s) = -s - 7. Let f(z) = -7. Let c(a) = -2*f(a) + 3*r(a). Calculate c(m).
8
Let h(l) = l**2 - 8*l - 1. Let r be h(8). Let n(g) = -273*g - 16 + 20*g**3 + g**2 + 17 - 264*g + 808*g - 270*g. Determine n(r).
-19
Let t(d) = d**3 + 8*d**2 - 60*d - 398. Let p be t(-5). Let a(n) = n**3 + 23*n**2 - 2*n - 61. Give a(p).
-15
Let n(l) = 5*l - 20. Let c = -14 - -24. Suppose 0 = -5*d + 10 + c. Let f be n(d). Let k(a) = -a**2 - a - 2. Calculate k(f).
-2
Let d(l) = -3*l + 24. Let m(h) = 3*h - 24. Let z(p) = -6*d(p) - 5*m(p). Let q be z(9). Let b(o) = 0*o - 67 + 65 + 4*o - q*o. Determine b(2).
0
Let c(g) = -31*g**3 + g**2 + 2*g + 1. Let a(k) = 56*k + 167. Let r be a(-3). Determine c(r).
31
Let w(m) = 2*m**3 - 9*m**2 - 8*m + 8. Suppose -23 = -3*c + 5*n, -5*c + 4*n + 3065 - 3031 = 0. Calculate w(c).
68
Let p(v) be the second derivative of -1/20*v**5 + 3/2*v**2 + 0 + 194*v - 1/6*v**3 - 1/2*v**4. Calculate p(-5).
-17
Let n(i) = 75*i - 114. Let u(t) = -13*t + 19. Let l(s) = -4*n(s) - 23*u(s). Give l(-5).
24
Let d be 3 - 4/2 - 1. Let o(p) be the first derivative of -p**3/3 + 13*p - 9432. Calculate o(d).
13
Let i be (-3 + -2)/((-161)/42 + 3). Let t = -10 + 16. Let g(f) = -3 + t - f + 7 + 1. Determine g(i).
5
Let y(z) = -8*z - 47. Let g be (3 - 0) + 1000/(-100). Give y(g).
9
Suppose 0*r + 25 = 5*r. Let p(f) = -4*f + 1. Let x(b) = 13*b - 6. Let z(c) = -4*p(c) - x(c). Determine z(r).
17
Suppose 0*a + 1 = a. Let s be (92/10 - -2) + a/(-5). Suppose -20 = -s*y + y. Let k(i) = i - 1. Determine k(y).
1
Let q(o) = 49 - 26 + 7*o - 9. Determine q(-6).
-28
Suppose -5*l + 11 = 4*s - 2*l, 4*s - 3*l - 5 = 0. Suppose -596 = -2*p + 4*t, -s*p = -3*t - 444 - 157. Let a(j) = -j - p + 308. Calculate a(-2).
2
Let h(r) be the third derivative of -r**5/60 + r**4/4 - r**3 - 2*r**2 + 20*r - 1. What is h(-9)?
-141
Suppose 19*o = 7*o + 144. Let w be -1 - (-18)/(o + -3). Let c(m) = -4*m**3 + m**2 + 2*m - 2. What is c(w)?
-3
Let w(f) be the third derivative of -29*f**4/24 + f**3/3 - 2*f**2 - 2330. What is w(-5)?
147
Let o(m) = -2*m**3 + 2*m**2 - 5*m + 3. Let j be o(3). Let b = j - -50. Let r(h) = -8*h**2 + 11*h**2 - 7*h**2 + b*h. What is r(2)?
-12
Suppose 2*s - s = -j + 8, s - 10 = -2*j. Let t(d) = 1. Let q = 7 + -8. Let p(c) = -c**2 + 7*c - 11. Let f(n) = q*p(n) - 3*t(n). Calculate f(s).
2
Let j(w) = 26*w**2 + 26*w**2 - 11 - 49*w**2 + 18*w. Let m(l) = -2*l**2 - 8*l + 5. Let k(s) = 4*j(s) + 9*m(s). Let z = 1 - 0. Calculate k(z).
-5
Let w(y) = 2*y**2 + 3*y. Let o = -1653 + 1640. Suppose -2*g = -4*j